is divided by 11?
6
Suppose 4*g - g - 276 = 0. Suppose -2*v - 3*r + 71 = 0, 18*v - 17*v - 39 = -2*r. What is the remainder when g is divided by v?
17
Let h be (-3428)/22 + (105/(-33) - -3). Let r = -89 - h. Let y = -50 + r. What is the remainder when y is divided by 9?
8
Let w(t) be the second derivative of -t**4/12 + 7*t**3/3 + 3*t**2/2 - 15*t. Suppose -492 = 5*c - 727. Calculate the remainder when c is divided by w(13).
15
Let u be (-4)/(-10) - (2448/(-30) + -1). Let r = u + -3. Let d = 69 - 42. Calculate the remainder when r is divided by d.
26
Let g(o) = o**2 + 59*o + 2. Let j(u) = -2*u**2 - 177*u - 6. Let d(i) = -7*g(i) - 2*j(i). What is the remainder when 261 is divided by d(-18)?
85
Suppose -51*c - 10*c + 23141 = 12*c. What is the remainder when c is divided by 31 - (-1)/(1 - 0)?
29
Let v(l) = -77*l + 11939. Suppose 0*g = p + 2*g - 46, 42 = p + g. What is the remainder when p is divided by v(155)?
2
Let h(a) = -5*a**2 - 27*a + 4. Suppose -8*f - 330 = -290. What is the remainder when h(f) is divided by 9?
5
Let x(w) = 24*w**3 - w**2 + 2*w - 3. Let t be -8 + 5/25*-5. Calculate the remainder when x(2) is divided by (-2220)/(-90) + 6/t.
21
Let d(r) = r + 63. Suppose 23 = -5*z - 2, 4*m - 5*z = 53. Calculate the remainder when d(0) is divided by m.
0
Let z(c) = 5*c**2 + 10*c - 10. Suppose 0 = -3*v - 3*d + 54, -5 = -3*v + 5*d + 49. What is the remainder when z(3) is divided by v?
11
Let g = 1 - -4. Suppose 43 = -g*c + 88. Let w(r) = r. What is the remainder when w(c) is divided by 5?
4
Let x(f) = f**2 + 6*f - 42. Let g = -1871 - -2532. What is the remainder when g is divided by x(-11)?
11
Suppose 4089 - 2920 = 83*h - 3562. Suppose 489 = 2*n + 165. What is the remainder when n is divided by h?
48
Suppose 17*k + 2*k = 76. Suppose -2*r = -t + 50 - 145, -205 = -k*r - t. Calculate the remainder when 137 is divided by r.
37
Let y = 74 + -65. Let w be (-3)/y - (2 + 62/(-6)). Suppose 0 = 2*s - 4*k - 16, w = 4*s + k - 69. Calculate the remainder when s is divided by 14.
4
Suppose 135*d - 28*d - 2124 + 198 = 0. Let u = 17 + -10. What is the remainder when d is divided by u?
4
Let r be ((-1)/2)/(22/(-44)) - -26. Suppose l - r*l = -6630. What is the remainder when l is divided by 85?
0
Suppose i = -4*i - 190. Let v = i + 85. Let b = 711 - 705. What is the remainder when v is divided by b?
5
Let i = -1264 - -884. Let m = 391 + i. Let h(o) = -27*o + 4. Calculate the remainder when h(-3) is divided by m.
8
Let p(s) = s**3 + 3*s**2 + 548*s + 1663. Calculate the remainder when 512 is divided by p(-3).
18
Let u(v) = -135*v - 3088. Calculate the remainder when 12985 is divided by u(-23).
14
Let p(y) = -20*y - 76. Let m be p(-4). Suppose -m*b - 4*g + 9*g = -256, 0 = 5*b + 2*g - 287. What is the remainder when b is divided by 33?
26
Let w(b) be the first derivative of 13*b**3/3 - b**2/2 + 244. Suppose -3 + 2 = f. What is the remainder when 51 is divided by w(f)?
9
Let i be (2 + 1)/(15/40). Suppose -2*a - i = -52. Calculate the remainder when a is divided by 15.
7
Let d be 0 - -1 - (-307 - (0 - 0)). Suppose 9*k = 2117 - d. What is the remainder when k is divided by 58?
27
Suppose 8*j = 4520 - 2040. Calculate the remainder when j is divided by 84.
58
Let n = -1004 + 1010. Let r(g) = -1 + 4*g - 5*g - 1 + 0*g. Calculate the remainder when r(-13) is divided by n.
5
Let m be (2 - (-15)/(-6))*-6. Let w be ((-29)/m)/(2/6). Let j = -11 - w. Calculate the remainder when 51 is divided by j.
15
Let a(v) = 141*v + 154. What is the remainder when a(8) is divided by 56?
50
Let n = 6117 - 5674. Calculate the remainder when n is divided by 439.
4
Let z = 1591 - 698. Suppose z - 13 = 10*a. What is the remainder when a is divided by 20?
8
Let k = 5 - -1. Let m(g) = 7*g**2 - 15 - 5*g - 2*g - 5*g - k*g**2. What is the remainder when m(15) is divided by 11?
8
Let r(d) = d**2 - 3*d + 3. Let j = 6370 - 6272. Calculate the remainder when j is divided by r(3).
2
Suppose -5*g + 110 = 5. Let d be (-5)/(-5) + (-3)/(-18)*6. Suppose -2*j = u - 11, -d*j + 4*j + 33 = 3*u. Calculate the remainder when g is divided by u.
10
Suppose -4*j + j = -1242. Calculate the remainder when j is divided by (3 - 1) + 53/(1219/460).
18
Suppose 630 + 462 = 88*y - 932. Calculate the remainder when 2702 is divided by y.
11
Suppose 3*o + 0*o = -u + 246, 0 = o - 2*u - 75. Suppose -35 = -m + 3*l, 3*l - o = -2*m - 2*l. What is the remainder when m is divided by 3?
2
Let v(z) = z**2 - 5*z - 3. Let w = 283 + -236. Suppose 3*j = k + 117, 3*k + 152 = 5*j - w. What is the remainder when j is divided by v(7)?
5
Suppose -2892*j + 2550 = -2841*j. Calculate the remainder when 241 - -1 - (-2 - -3) is divided by j.
41
Suppose -l + 3007 = 5*n, 12 = 6*l - 10*l. Calculate the remainder when n is divided by 65.
17
Let l(o) = -14*o + 196. Calculate the remainder when l(-18) is divided by 43.
18
Let z(i) = 41*i - 2798. What is the remainder when 212 is divided by z(69)?
26
Let m(p) = 117*p**3 - 3*p**2. Let v be m(-1). Calculate the remainder when ((-22)/(-4))/(1 + 115/v) is divided by 27.
24
Suppose 6 = -3*p, -3*a = a + 4*p. Let d = 1532 - 1577. Let x = a - d. Calculate the remainder when x is divided by 12.
11
Suppose 0 = -o - 2*o + 4*g - 3, g + 5 = -5*o. Let j be (-97)/3 + (-3)/(-9) + o. What is the remainder when (-7 - j)*5/2 is divided by 23?
19
Let b = 268 - 3. Let t = 281 - b. Calculate the remainder when 28 is divided by t.
12
Let j(t) = -39*t - 76. Let p be j(-10). Suppose -5*g = 5*y - 415, -3*y + 5*y = 4*g - p. Calculate the remainder when g is divided by 22.
14
What is the remainder when 24 is divided by (-19 + 31)*4/6?
0
Let y(a) = -a**3 - 18*a**2 + 7*a - 64. What is the remainder when y(-19) is divided by 34?
28
Suppose -8 = -2*l, 42 = 5*t + 3*l - 6*l - 306. Let a(z) = 3 + 5*z - 2 + 4*z. What is the remainder when t is divided by a(4)?
35
Let l(i) = -23*i - 277. Let y be l(-17). Suppose 249*m - 252*m + y = 0. Calculate the remainder when 224 is divided by m.
34
Let m = 882 - 1275. Let y = m - -541. Calculate the remainder when y is divided by 6.
4
Let s(b) = 77*b - 1291. Calculate the remainder when s(18) is divided by 20.
15
Let d = -361 + 444. Let t(p) = p**2 - 12*p - 13. Let n be ((-15)/12)/(3/(-36)). Calculate the remainder when d is divided by t(n).
19
Suppose 0*s - s + 1506 = -2*d, 4*d = 5*s - 7524. Suppose 11*q - 2313 - s = 0. What is the remainder when q is divided by 58?
57
Let p be (-7 + 15 - -13) + -6. Suppose 218 = p*b - 307. What is the remainder when 100 is divided by b?
30
Let u = 765 - 428. Let k = u + -93. Calculate the remainder when k is divided by 35.
34
Let c(s) = -s**2 + 7*s + 2. Suppose 0 = g - 3 - 1. Let y = 43 + -34. What is the remainder when c(g) is divided by y?
5
Let o(s) = -s**3 + 2*s**2 - 1. Let x be o(1). Calculate the remainder when 51*(2/2 - x) is divided by (1/(-6))/(13/(-1014)).
12
Suppose q + 4*i - 225 = 0, -4*q + 533 = -4*i - 367. Let s = 232 - q. Calculate the remainder when 19 is divided by s.
5
Let c(p) = p**3 + 79*p**2 + 107*p + 2286. Calculate the remainder when 31797 is divided by c(-78).
21
Let x(r) = r**3 + 20*r**2 + 30*r + 204. Calculate the remainder when x(-7) is divided by 13.
7
Let n(w) = 26*w - 225. Let x be n(9). Suppose 0 = -x*q + 62 + 856. Calculate the remainder when 1222 is divided by q.
100
Let b(d) = d**2 + 2*d - 17. Let z(n) = n + 2. Let c be z(6). Suppose -32 = -3*m + c*m - 2*r, -3*r + 3 = 0. What is the remainder when 7 is divided by b(m)?
0
Suppose -y - 4*a = -841, -4*y - 4*a + 2875 = -405. What is the remainder when y is divided by 35?
8
What is the remainder when (1630/35)/(136/8092) is divided by 19?
16
What is the remainder when 1492 is divided by -8*((-628)/17 + (-1)/17)?
12
Let x be ((-10)/4)/((-2)/(-4)). Let f(m) = -1 + 3 + 0 + 10 - 6 - m. Calculate the remainder when 32 is divided by f(x).
10
Suppose -14 - 6 = 10*f. Suppose -4*t = -4*y, -y - t + 0 = -8. Calculate the remainder when 8 is divided by (f/5)/(y/(-60)*3).
0
Let j be 1/(3 + 145/(-50)). Let c be 21 - -4*1/2. Suppose -c*v = -j*v - 286. Calculate the remainder when 86 is divided by v.
20
Let i(l) = -l**2 - 15*l + 229. What is the remainder when ((-3)/(-6))/((-2)/(-92)) is divided by i(-24)?
10
Suppose 5*n - n - 5*q = 267, 4*q = 4. Suppose 310*y - 309*y - n = 0. What is the remainder when 259 i